{"id":658,"date":"2024-06-01T16:10:43","date_gmt":"2024-06-01T14:10:43","guid":{"rendered":"https:\/\/lelienmagique.fr\/?page_id=658"},"modified":"2025-08-30T16:45:55","modified_gmt":"2025-08-30T14:45:55","slug":"mes-offres","status":"publish","type":"page","link":"https:\/\/lelienmagique.fr\/index.php\/mes-offres\/","title":{"rendered":"Mes offres"},"content":{"rendered":"\t\t<div data-elementor-type=\"wp-page\" data-elementor-id=\"658\" class=\"elementor elementor-658\" data-elementor-post-type=\"page\">\n\t\t\t\t<div class=\"elementor-element elementor-element-3c341568 e-flex e-con-boxed e-con e-parent\" data-id=\"3c341568\" data-element_type=\"container\">\n\t\t\t\t\t<div class=\"e-con-inner\">\n\t\t\t\t<div class=\"elementor-element elementor-element-30ea0aaa elementor-widget elementor-widget-text-editor\" data-id=\"30ea0aaa\" data-element_type=\"widget\" data-widget_type=\"text-editor.default\">\n\t\t\t\t<div class=\"elementor-widget-container\">\n\t\t\t\t\t\t\t\t\t<p>Je suis ravie de pouvoir vous proposer mes services pour la confection d\u2019un souvenir sur mesure r\u00e9alis\u00e9 avec les crins de votre cheval de c\u0153ur.<\/p><p>Ce que je propose ce sont de petits bijoux fantaisie pour rester en lien avec votre cheval partout et tout le temps.<\/p><p>Pour en profiter le plus longtemps possible, je vous conseille de ne pas le garder pour dormir, prendre des douches&#8230; En effet les crins, bien que solides, restent une mati\u00e8re fragile dont il faut prendre soin.<\/p><p>Si vous avez besoin de nettoyer votre bijou, vous pouvez le faire \u00e0 l&rsquo;eau.<\/p><h2>Comment faire\u00a0?<\/h2><h3>1. Prendre contact<\/h3><ul><li>Par mail : c&rsquo;est <a href=\"https:\/\/lelienmagique.fr\/index.php\/contact\/\">ici<\/a> : ne pas h\u00e9siter \u00e0 me laisser votre num\u00e9ro de t\u00e9l\u00e9phone afin que nous puissions \u00e9changer de vive voix.<\/li><li>Par t\u00e9l\u00e9phone : 06 85 07 62 05. Laissez moi un message.<\/li><\/ul><p>Je me d\u00e9place dans un secteur proche d&rsquo;Argenton-Sur-Creuse.<\/p><h3>2. Couper les crins<\/h3><p>Je vous invite \u00e0 regarder les deux vid\u00e9os vous donnant de petits conseils afin d\u2019\u00e9viter les erreurs que j\u2019ai pu commettre moi-m\u00eame.<\/p><p><iframe title=\"YouTube video player\" src=\"https:\/\/www.youtube.com\/embed\/vORVLj5yyXY?si=hNVC91HGEG198J7w\" width=\"560\" height=\"500\" frameborder=\"0\" allowfullscreen=\"allowfullscreen\"><\/iframe><\/p><p><iframe title=\"YouTube video player\" src=\"https:\/\/www.youtube.com\/embed\/EcoBoyBJzTw?si=iSqbjkKumg8m64Xp\" width=\"560\" height=\"500\" frameborder=\"0\" allowfullscreen=\"allowfullscreen\"><\/iframe><\/p><h3>3. Choisir<\/h3><p>Vous allez choisir quel type de tresse vous souhaitez, avec ou sans fil de couleur, ainsi que vos attaches, l\u2019\u00e9paisseur\u2026 Vous l\u2019aurez compris, il s\u2019agit de sur mesure. Le lien entre un cheval et son humain est unique, un lien mat\u00e9riel qui en t\u00e9moigne se doit donc de l\u2019\u00eatre !<\/p><h3>4. Profiter<\/h3><p>Apr\u00e8s quelques jours d\u2019attente, il ne vous restera plus qu\u2019\u00e0 l\u2019essayer et je l\u2019esp\u00e8re \u00e0 admirer votre \u00ab lien magique \u00bb.<\/p><p>Au plaisir d\u2019\u00e9changer avec vous.<\/p><p>Bien \u00e0 vous<\/p><p>C\u00e9lia<\/p>\t\t\t\t\t\t\t\t<\/div>\n\t\t\t\t<\/div>\n\t\t\t\t\t<\/div>\n\t\t\t\t<\/div>\n\t\t\t\t<\/div>\n\t\t","protected":false},"excerpt":{"rendered":"<p>Je suis ravie de pouvoir vous proposer mes services pour la confection d\u2019un souvenir sur mesure r\u00e9alis\u00e9 avec les crins de votre cheval de c\u0153ur. Ce que je propose ce sont de petits bijoux fantaisie pour rester en lien avec votre cheval partout et tout le temps. Pour en profiter le plus longtemps possible, je&#8230;<\/p>\n","protected":false},"author":1,"featured_media":0,"parent":0,"menu_order":0,"comment_status":"closed","ping_status":"closed","template":"elementor_header_footer","meta":{"_monsterinsights_skip_tracking":false,"_monsterinsights_sitenote_active":false,"_monsterinsights_sitenote_note":"","_monsterinsights_sitenote_category":0,"_kad_post_transparent":"","_kad_post_title":"hide","_kad_post_layout":"fullwidth","_kad_post_sidebar_id":"","_kad_post_content_style":"unboxed","_kad_post_vertical_padding":"hide","_kad_post_feature":"hide","_kad_post_feature_position":"","_kad_post_header":false,"_kad_post_footer":false,"footnotes":""},"class_list":["post-658","page","type-page","status-publish","hentry"],"aioseo_notices":[],"_links":{"self":[{"href":"https:\/\/lelienmagique.fr\/index.php\/wp-json\/wp\/v2\/pages\/658","targetHints":{"allow":["GET"]}}],"collection":[{"href":"https:\/\/lelienmagique.fr\/index.php\/wp-json\/wp\/v2\/pages"}],"about":[{"href":"https:\/\/lelienmagique.fr\/index.php\/wp-json\/wp\/v2\/types\/page"}],"author":[{"embeddable":true,"href":"https:\/\/lelienmagique.fr\/index.php\/wp-json\/wp\/v2\/users\/1"}],"replies":[{"embeddable":true,"href":"https:\/\/lelienmagique.fr\/index.php\/wp-json\/wp\/v2\/comments?post=658"}],"version-history":[{"count":25,"href":"https:\/\/lelienmagique.fr\/index.php\/wp-json\/wp\/v2\/pages\/658\/revisions"}],"predecessor-version":[{"id":1331,"href":"https:\/\/lelienmagique.fr\/index.php\/wp-json\/wp\/v2\/pages\/658\/revisions\/1331"}],"wp:attachment":[{"href":"https:\/\/lelienmagique.fr\/index.php\/wp-json\/wp\/v2\/media?parent=658"}],"curies":[{"name":"wp","href":"https:\/\/api.w.org\/{rel}","templated":true}]}}