{"id":2027,"date":"2026-03-11T18:47:22","date_gmt":"2026-03-11T17:47:22","guid":{"rendered":"https:\/\/lelienmagique.fr\/?page_id=2027"},"modified":"2026-03-23T22:58:20","modified_gmt":"2026-03-23T21:58:20","slug":"accueil-3","status":"publish","type":"page","link":"https:\/\/lelienmagique.fr\/","title":{"rendered":"Accueil"},"content":{"rendered":"\t\t<div data-elementor-type=\"wp-page\" data-elementor-id=\"2027\" class=\"elementor elementor-2027\" data-elementor-post-type=\"page\">\n\t\t\t\t<div class=\"elementor-element elementor-element-868055f e-flex e-con-boxed e-con e-parent\" data-id=\"868055f\" data-element_type=\"container\">\n\t\t\t\t\t<div class=\"e-con-inner\">\n\t\t\t\t<div class=\"elementor-element elementor-element-a7222ad elementor-widget elementor-widget-image\" data-id=\"a7222ad\" data-element_type=\"widget\" data-widget_type=\"image.default\">\n\t\t\t\t<div class=\"elementor-widget-container\">\n\t\t\t\t\t\t\t\t\t\t\t\t\t\t\t<img fetchpriority=\"high\" decoding=\"async\" width=\"900\" height=\"506\" src=\"https:\/\/lelienmagique.fr\/wp-content\/uploads\/2026\/03\/IMG_20251015_152646-1024x576.webp\" class=\"attachment-large size-large wp-image-2126\" alt=\"\" srcset=\"https:\/\/lelienmagique.fr\/wp-content\/uploads\/2026\/03\/IMG_20251015_152646-1024x576.webp 1024w, https:\/\/lelienmagique.fr\/wp-content\/uploads\/2026\/03\/IMG_20251015_152646-300x169.webp 300w, https:\/\/lelienmagique.fr\/wp-content\/uploads\/2026\/03\/IMG_20251015_152646-768x432.webp 768w, https:\/\/lelienmagique.fr\/wp-content\/uploads\/2026\/03\/IMG_20251015_152646-1536x864.webp 1536w, https:\/\/lelienmagique.fr\/wp-content\/uploads\/2026\/03\/IMG_20251015_152646.webp 1920w\" sizes=\"(max-width: 900px) 100vw, 900px\" \/>\t\t\t\t\t\t\t\t\t\t\t\t\t\t\t<\/div>\n\t\t\t\t<\/div>\n\t\t\t\t<div class=\"elementor-element elementor-element-93067c8 elementor-widget elementor-widget-text-editor\" data-id=\"93067c8\" data-element_type=\"widget\" data-widget_type=\"text-editor.default\">\n\t\t\t\t<div class=\"elementor-widget-container\">\n\t\t\t\t\t\t\t\t\t<p>Le<strong> lien<\/strong> qui vous unit \u00e0 votre cheval est si fort que certains le qualifie de <strong>magique<\/strong>\u00a0?<\/p><p>Vous aimeriez qu\u2019il ne se brise jamais \u00a0?<\/p><p>Je vous propose ici, de l\u2019<strong>immortaliser<\/strong> gr\u00e2ce \u00e0 des r\u00e9alisations uniques et remplies d\u2019<strong>amour<\/strong>.<\/p><p>Elles sont r\u00e9alis\u00e9es avec quelques <strong>crins de votre cheval<\/strong>.<\/p><p>Ici, pas de panier \u00e0 remplir \u00e0 partir de cr\u00e9ations standardis\u00e9es, ni de contenu g\u00e9n\u00e9r\u00e9 par l\u2019IA.<\/p><p>Vous prenez <strong>contact avec moi<\/strong>, on discute <strong>ensemble<\/strong> du bijou qui repr\u00e9sentera au mieux votre relation qui est <strong>unique<\/strong>.<\/p><p>En navigant sur mon site vous trouverez des id\u00e9es de bijoux <strong>bonheur<\/strong> quelque soit votre budget.<\/p>\t\t\t\t\t\t\t\t<\/div>\n\t\t\t\t<\/div>\n\t\t<div class=\"elementor-element elementor-element-a8ad8e2 e-con-full e-flex e-con e-child\" data-id=\"a8ad8e2\" data-element_type=\"container\">\n\t\t\t\t<div class=\"elementor-element elementor-element-0ac8227 elementor-widget__width-initial elementor-widget elementor-widget-video\" data-id=\"0ac8227\" data-element_type=\"widget\" data-settings=\"{&quot;youtube_url&quot;:&quot;https:\\\/\\\/youtube.com\\\/shorts\\\/IbLiysXXHTU?si=buBnFaQf5IU8wY6y&quot;,&quot;video_type&quot;:&quot;youtube&quot;,&quot;controls&quot;:&quot;yes&quot;}\" data-widget_type=\"video.default\">\n\t\t\t\t<div class=\"elementor-widget-container\">\n\t\t\t\t\t\t\t<div class=\"elementor-wrapper elementor-open-inline\">\n\t\t\t<div class=\"elementor-video\"><\/div>\t\t<\/div>\n\t\t\t\t\t\t<\/div>\n\t\t\t\t<\/div>\n\t\t\t\t<div class=\"elementor-element elementor-element-076496e elementor-widget elementor-widget-text-editor\" data-id=\"076496e\" data-element_type=\"widget\" data-widget_type=\"text-editor.default\">\n\t\t\t\t<div class=\"elementor-widget-container\">\n\t\t\t\t\t\t\t\t\t<p>Mon <strong>conseil<\/strong>\u00a0pour vous offrir, ou vous faire offrir un de ces petits tr\u00e9sors\u00a0:<\/p><p>Profitez d\u2019un <strong>\u00e9v\u00e8nement important<\/strong> \u00e0 vos yeux.<\/p><p><span style=\"color: #af91b2;\"><em>(1<sup>\u00e8re<\/sup> fois en cordelette, 1<sup>er<\/sup> jour \u00e0 la maison, 1<sup>\u00e8re<\/sup> place en concours, 1<sup>\u00e8re<\/sup> balade en ext\u00e9rieur \u2026 )<\/em><\/span><\/p><p>Vos bijoux seront ainsi charg\u00e9s d\u2019<strong>\u00e9motion<\/strong>, de <strong>force<\/strong> et de <strong>bonheur<\/strong>\u2026..en un mot <strong>magique<\/strong>\u00a0!<\/p><p>Et le jour o\u00f9 vos chemins se s\u00e9pareront, ils seront l\u00e0 pour vous rappeler que votre histoire a bien exist\u00e9 et qu\u2019elle ne s\u2019effacera jamais\u00a0!<\/p><p>\u00a0<\/p><p>C\u00e9lia<\/p><p>votre cr\u00e9atrice de bijoux<\/p><p>rendus magiques par<span style=\"text-decoration: underline;\"><strong> la si belle relation qui unit un humain \u00e0 son cheval.<\/strong><\/span><\/p>\t\t\t\t\t\t\t\t<\/div>\n\t\t\t\t<\/div>\n\t\t\t\t<\/div>\n\t\t\t\t\t<\/div>\n\t\t\t\t<\/div>\n\t\t\t\t<\/div>\n\t\t","protected":false},"excerpt":{"rendered":"<p>Le lien qui vous unit \u00e0 votre cheval est si fort que certains le qualifie de magique\u00a0? Vous aimeriez qu\u2019il ne se brise jamais \u00a0? Je vous propose ici, de l\u2019immortaliser gr\u00e2ce \u00e0 des r\u00e9alisations uniques et remplies d\u2019amour. Elles sont r\u00e9alis\u00e9es avec quelques crins de votre cheval. Ici, pas de panier \u00e0 remplir \u00e0&#8230;<\/p>\n","protected":false},"author":1,"featured_media":0,"parent":0,"menu_order":0,"comment_status":"closed","ping_status":"closed","template":"","meta":{"_monsterinsights_skip_tracking":false,"_monsterinsights_sitenote_active":false,"_monsterinsights_sitenote_note":"","_monsterinsights_sitenote_category":0,"_kad_post_transparent":"","_kad_post_title":"hide","_kad_post_layout":"fullwidth","_kad_post_sidebar_id":"","_kad_post_content_style":"unboxed","_kad_post_vertical_padding":"hide","_kad_post_feature":"hide","_kad_post_feature_position":"","_kad_post_header":false,"_kad_post_footer":false,"footnotes":""},"class_list":["post-2027","page","type-page","status-publish","hentry"],"aioseo_notices":[],"_links":{"self":[{"href":"https:\/\/lelienmagique.fr\/index.php\/wp-json\/wp\/v2\/pages\/2027","targetHints":{"allow":["GET"]}}],"collection":[{"href":"https:\/\/lelienmagique.fr\/index.php\/wp-json\/wp\/v2\/pages"}],"about":[{"href":"https:\/\/lelienmagique.fr\/index.php\/wp-json\/wp\/v2\/types\/page"}],"author":[{"embeddable":true,"href":"https:\/\/lelienmagique.fr\/index.php\/wp-json\/wp\/v2\/users\/1"}],"replies":[{"embeddable":true,"href":"https:\/\/lelienmagique.fr\/index.php\/wp-json\/wp\/v2\/comments?post=2027"}],"version-history":[{"count":26,"href":"https:\/\/lelienmagique.fr\/index.php\/wp-json\/wp\/v2\/pages\/2027\/revisions"}],"predecessor-version":[{"id":2129,"href":"https:\/\/lelienmagique.fr\/index.php\/wp-json\/wp\/v2\/pages\/2027\/revisions\/2129"}],"wp:attachment":[{"href":"https:\/\/lelienmagique.fr\/index.php\/wp-json\/wp\/v2\/media?parent=2027"}],"curies":[{"name":"wp","href":"https:\/\/api.w.org\/{rel}","templated":true}]}}