{"id":1793,"date":"2026-01-03T17:51:08","date_gmt":"2026-01-03T16:51:08","guid":{"rendered":"https:\/\/lelienmagique.fr\/?page_id=1793"},"modified":"2026-02-16T21:48:12","modified_gmt":"2026-02-16T20:48:12","slug":"medaillon","status":"publish","type":"page","link":"https:\/\/lelienmagique.fr\/index.php\/medaillon\/","title":{"rendered":"M\u00e9daillon"},"content":{"rendered":"\t\t<div data-elementor-type=\"wp-page\" data-elementor-id=\"1793\" class=\"elementor elementor-1793\" data-elementor-post-type=\"page\">\n\t\t\t\t<div class=\"elementor-element elementor-element-16cc432 e-flex e-con-boxed e-con e-parent\" data-id=\"16cc432\" data-element_type=\"container\">\n\t\t\t\t\t<div class=\"e-con-inner\">\n\t\t<div class=\"elementor-element elementor-element-87398ea e-con-full e-flex e-con e-child\" data-id=\"87398ea\" data-element_type=\"container\">\n\t\t\t\t<div class=\"elementor-element elementor-element-3c576a6 elementor-widget elementor-widget-text-editor\" data-id=\"3c576a6\" data-element_type=\"widget\" data-widget_type=\"text-editor.default\">\n\t\t\t\t<div class=\"elementor-widget-container\">\n\t\t\t\t\t\t\t\t\t<iframe title=\"YouTube video player\" src=\"https:\/\/www.youtube.com\/embed\/vORVLj5yyXY?si=fmBLUc-hlpfweFS5\" width=\"50\" frameborder=\"0\" allowfullscreen=\"allowfullscreen\"><\/iframe>\n\t\t\t\t\t\t\t\t<\/div>\n\t\t\t\t<\/div>\n\t\t\t\t<div class=\"elementor-element elementor-element-69d01ea elementor-widget elementor-widget-text-editor\" data-id=\"69d01ea\" data-element_type=\"widget\" data-widget_type=\"text-editor.default\">\n\t\t\t\t<div class=\"elementor-widget-container\">\n\t\t\t\t\t\t\t\t\t<iframe title=\"YouTube video player\" src=\"https:\/\/www.youtube.com\/embed\/EcoBoyBJzTw?si=JBYgLDygswQNDlfA\" width=\"50\" frameborder=\"0\" allowfullscreen=\"allowfullscreen\"><\/iframe>\t\t\t\t\t\t\t\t<\/div>\n\t\t\t\t<\/div>\n\t\t\t\t<\/div>\n\t\t\t\t<div class=\"elementor-element elementor-element-17b7e68 elementor-widget elementor-widget-heading\" data-id=\"17b7e68\" data-element_type=\"widget\" data-widget_type=\"heading.default\">\n\t\t\t\t<div class=\"elementor-widget-container\">\n\t\t\t\t\t<h1 class=\"elementor-heading-title elementor-size-default\">M\u00e9daillon (\u00e0 partir de 50 \u20ac)<\/h1>\t\t\t\t<\/div>\n\t\t\t\t<\/div>\n\t\t\t\t<div class=\"elementor-element elementor-element-183af2b elementor-widget elementor-widget-video\" data-id=\"183af2b\" data-element_type=\"widget\" data-settings=\"{&quot;video_type&quot;:&quot;hosted&quot;,&quot;autoplay&quot;:&quot;yes&quot;,&quot;play_on_mobile&quot;:&quot;yes&quot;,&quot;mute&quot;:&quot;yes&quot;,&quot;loop&quot;:&quot;yes&quot;}\" data-widget_type=\"video.default\">\n\t\t\t\t<div class=\"elementor-widget-container\">\n\t\t\t\t\t\t\t<div class=\"e-hosted-video elementor-wrapper elementor-open-inline\">\n\t\t\t\t\t<video class=\"elementor-video\" src=\"https:\/\/lelienmagique.fr\/wp-content\/uploads\/2026\/01\/Medaillon.mp4\" autoplay=\"\" loop=\"\" muted=\"muted\" playsinline=\"\" controlsList=\"nodownload\"><\/video>\n\t\t\t\t<\/div>\n\t\t\t\t\t\t<\/div>\n\t\t\t\t<\/div>\n\t\t<div class=\"elementor-element elementor-element-c0c9a4f e-con-full e-flex e-con e-child\" data-id=\"c0c9a4f\" data-element_type=\"container\">\n\t\t\t\t<div class=\"elementor-element elementor-element-d55b74a elementor-widget__width-auto elementor-view-default elementor-widget elementor-widget-icon\" data-id=\"d55b74a\" data-element_type=\"widget\" data-widget_type=\"icon.default\">\n\t\t\t\t<div class=\"elementor-widget-container\">\n\t\t\t\t\t\t\t<div class=\"elementor-icon-wrapper\">\n\t\t\t<div class=\"elementor-icon\">\n\t\t\t<svg aria-hidden=\"true\" class=\"e-font-icon-svg e-fas-angle-right\" viewBox=\"0 0 256 512\" xmlns=\"http:\/\/www.w3.org\/2000\/svg\"><path d=\"M224.3 273l-136 136c-9.4 9.4-24.6 9.4-33.9 0l-22.6-22.6c-9.4-9.4-9.4-24.6 0-33.9l96.4-96.4-96.4-96.4c-9.4-9.4-9.4-24.6 0-33.9L54.3 103c9.4-9.4 24.6-9.4 33.9 0l136 136c9.5 9.4 9.5 24.6.1 34z\"><\/path><\/svg>\t\t\t<\/div>\n\t\t<\/div>\n\t\t\t\t\t\t<\/div>\n\t\t\t\t<\/div>\n\t\t\t\t<div class=\"elementor-element elementor-element-85e9743 elementor-widget__width-auto elementor-widget elementor-widget-text-editor\" data-id=\"85e9743\" data-element_type=\"widget\" data-widget_type=\"text-editor.default\">\n\t\t\t\t<div class=\"elementor-widget-container\">\n\t\t\t\t\t\t\t\t\t<p>Choisissez la couleur.<\/p>\t\t\t\t\t\t\t\t<\/div>\n\t\t\t\t<\/div>\n\t\t\t\t<\/div>\n\t\t\t\t<div class=\"elementor-element elementor-element-10bc758 elementor-widget__width-auto elementor-widget elementor-widget-text-editor\" data-id=\"10bc758\" data-element_type=\"widget\" data-widget_type=\"text-editor.default\">\n\t\t\t\t<div class=\"elementor-widget-container\">\n\t\t\t\t\t\t\t\t\t<p style=\"text-align: center;\">Dor\u00e9 \/ Argent\u00e9<\/p>\t\t\t\t\t\t\t\t<\/div>\n\t\t\t\t<\/div>\n\t\t<div class=\"elementor-element elementor-element-e1bbd33 e-con-full e-flex e-con e-child\" data-id=\"e1bbd33\" data-element_type=\"container\">\n\t\t\t\t<div class=\"elementor-element elementor-element-edea3dc elementor-widget__width-auto elementor-view-default elementor-widget elementor-widget-icon\" data-id=\"edea3dc\" data-element_type=\"widget\" data-widget_type=\"icon.default\">\n\t\t\t\t<div class=\"elementor-widget-container\">\n\t\t\t\t\t\t\t<div class=\"elementor-icon-wrapper\">\n\t\t\t<div class=\"elementor-icon\">\n\t\t\t<svg aria-hidden=\"true\" class=\"e-font-icon-svg e-fas-angle-right\" viewBox=\"0 0 256 512\" xmlns=\"http:\/\/www.w3.org\/2000\/svg\"><path d=\"M224.3 273l-136 136c-9.4 9.4-24.6 9.4-33.9 0l-22.6-22.6c-9.4-9.4-9.4-24.6 0-33.9l96.4-96.4-96.4-96.4c-9.4-9.4-9.4-24.6 0-33.9L54.3 103c9.4-9.4 24.6-9.4 33.9 0l136 136c9.5 9.4 9.5 24.6.1 34z\"><\/path><\/svg>\t\t\t<\/div>\n\t\t<\/div>\n\t\t\t\t\t\t<\/div>\n\t\t\t\t<\/div>\n\t\t\t\t<div class=\"elementor-element elementor-element-a996271 elementor-widget__width-auto elementor-widget elementor-widget-text-editor\" data-id=\"a996271\" data-element_type=\"widget\" data-widget_type=\"text-editor.default\">\n\t\t\t\t<div class=\"elementor-widget-container\">\n\t\t\t\t\t\t\t\t\t<p>Choisissez votre photo et pr\u00e9levez quelques crins ou poils.<\/p>\t\t\t\t\t\t\t\t<\/div>\n\t\t\t\t<\/div>\n\t\t\t\t<\/div>\n\t\t<div class=\"elementor-element elementor-element-d476401 e-con-full e-flex e-con e-child\" data-id=\"d476401\" data-element_type=\"container\">\n\t\t\t\t<div class=\"elementor-element elementor-element-d273ce9 elementor-widget__width-auto elementor-view-default elementor-widget elementor-widget-icon\" data-id=\"d273ce9\" data-element_type=\"widget\" data-widget_type=\"icon.default\">\n\t\t\t\t<div class=\"elementor-widget-container\">\n\t\t\t\t\t\t\t<div class=\"elementor-icon-wrapper\">\n\t\t\t<div class=\"elementor-icon\">\n\t\t\t<svg aria-hidden=\"true\" class=\"e-font-icon-svg e-fas-angle-right\" viewBox=\"0 0 256 512\" xmlns=\"http:\/\/www.w3.org\/2000\/svg\"><path d=\"M224.3 273l-136 136c-9.4 9.4-24.6 9.4-33.9 0l-22.6-22.6c-9.4-9.4-9.4-24.6 0-33.9l96.4-96.4-96.4-96.4c-9.4-9.4-9.4-24.6 0-33.9L54.3 103c9.4-9.4 24.6-9.4 33.9 0l136 136c9.5 9.4 9.5 24.6.1 34z\"><\/path><\/svg>\t\t\t<\/div>\n\t\t<\/div>\n\t\t\t\t\t\t<\/div>\n\t\t\t\t<\/div>\n\t\t\t\t<div class=\"elementor-element elementor-element-09d4b45 elementor-widget__width-auto elementor-widget elementor-widget-text-editor\" data-id=\"09d4b45\" data-element_type=\"widget\" data-widget_type=\"text-editor.default\">\n\t\t\t\t<div class=\"elementor-widget-container\">\n\t\t\t\t\t\t\t\t\t<p>Choisissez la pr\u00e9sentation des crins (enti\u00e8rement personnalisable).<\/p>\t\t\t\t\t\t\t\t<\/div>\n\t\t\t\t<\/div>\n\t\t\t\t<\/div>\n\t\t\t\t<div class=\"elementor-element elementor-element-d848397 elementor-widget elementor-widget-image\" data-id=\"d848397\" data-element_type=\"widget\" data-widget_type=\"image.default\">\n\t\t\t\t<div class=\"elementor-widget-container\">\n\t\t\t\t\t\t\t\t\t\t\t\t\t\t\t<img fetchpriority=\"high\" decoding=\"async\" width=\"900\" height=\"991\" src=\"https:\/\/lelienmagique.fr\/wp-content\/uploads\/2026\/01\/IMG_20251208_180530-scaled-e1767459192989-930x1024.jpg\" class=\"attachment-large size-large wp-image-1753\" alt=\"\" srcset=\"https:\/\/lelienmagique.fr\/wp-content\/uploads\/2026\/01\/IMG_20251208_180530-scaled-e1767459192989-930x1024.jpg 930w, https:\/\/lelienmagique.fr\/wp-content\/uploads\/2026\/01\/IMG_20251208_180530-scaled-e1767459192989-272x300.jpg 272w, https:\/\/lelienmagique.fr\/wp-content\/uploads\/2026\/01\/IMG_20251208_180530-scaled-e1767459192989-768x846.jpg 768w, https:\/\/lelienmagique.fr\/wp-content\/uploads\/2026\/01\/IMG_20251208_180530-scaled-e1767459192989-600x661.jpg 600w, https:\/\/lelienmagique.fr\/wp-content\/uploads\/2026\/01\/IMG_20251208_180530-scaled-e1767459192989.jpg 1360w\" sizes=\"(max-width: 900px) 100vw, 900px\" \/>\t\t\t\t\t\t\t\t\t\t\t\t\t\t\t<\/div>\n\t\t\t\t<\/div>\n\t\t\t\t<div class=\"elementor-element elementor-element-27c0d44 elementor-widget elementor-widget-image\" data-id=\"27c0d44\" data-element_type=\"widget\" data-widget_type=\"image.default\">\n\t\t\t\t<div class=\"elementor-widget-container\">\n\t\t\t\t\t\t\t\t\t\t\t\t\t\t\t<img decoding=\"async\" width=\"844\" height=\"1024\" src=\"https:\/\/lelienmagique.fr\/wp-content\/uploads\/2026\/01\/IMG_20251208_180454-scaled-e1767459170391-844x1024.jpg\" class=\"attachment-large size-large wp-image-1752\" alt=\"\" srcset=\"https:\/\/lelienmagique.fr\/wp-content\/uploads\/2026\/01\/IMG_20251208_180454-scaled-e1767459170391-844x1024.jpg 844w, https:\/\/lelienmagique.fr\/wp-content\/uploads\/2026\/01\/IMG_20251208_180454-scaled-e1767459170391-247x300.jpg 247w, https:\/\/lelienmagique.fr\/wp-content\/uploads\/2026\/01\/IMG_20251208_180454-scaled-e1767459170391-768x932.jpg 768w, https:\/\/lelienmagique.fr\/wp-content\/uploads\/2026\/01\/IMG_20251208_180454-scaled-e1767459170391-1266x1536.jpg 1266w, https:\/\/lelienmagique.fr\/wp-content\/uploads\/2026\/01\/IMG_20251208_180454-scaled-e1767459170391-600x728.jpg 600w, https:\/\/lelienmagique.fr\/wp-content\/uploads\/2026\/01\/IMG_20251208_180454-scaled-e1767459170391.jpg 1310w\" sizes=\"(max-width: 844px) 100vw, 844px\" \/>\t\t\t\t\t\t\t\t\t\t\t\t\t\t\t<\/div>\n\t\t\t\t<\/div>\n\t\t<div class=\"elementor-element elementor-element-6f58674 e-con-full e-flex e-con e-child\" data-id=\"6f58674\" data-element_type=\"container\">\n\t\t\t\t<div class=\"elementor-element elementor-element-94f85ef elementor-widget__width-auto elementor-view-default elementor-widget elementor-widget-icon\" data-id=\"94f85ef\" data-element_type=\"widget\" data-widget_type=\"icon.default\">\n\t\t\t\t<div class=\"elementor-widget-container\">\n\t\t\t\t\t\t\t<div class=\"elementor-icon-wrapper\">\n\t\t\t<div class=\"elementor-icon\">\n\t\t\t<svg aria-hidden=\"true\" class=\"e-font-icon-svg e-fas-angle-right\" viewBox=\"0 0 256 512\" xmlns=\"http:\/\/www.w3.org\/2000\/svg\"><path d=\"M224.3 273l-136 136c-9.4 9.4-24.6 9.4-33.9 0l-22.6-22.6c-9.4-9.4-9.4-24.6 0-33.9l96.4-96.4-96.4-96.4c-9.4-9.4-9.4-24.6 0-33.9L54.3 103c9.4-9.4 24.6-9.4 33.9 0l136 136c9.5 9.4 9.5 24.6.1 34z\"><\/path><\/svg>\t\t\t<\/div>\n\t\t<\/div>\n\t\t\t\t\t\t<\/div>\n\t\t\t\t<\/div>\n\t\t\t\t<div class=\"elementor-element elementor-element-c2aebc1 elementor-widget__width-auto elementor-widget elementor-widget-text-editor\" data-id=\"c2aebc1\" data-element_type=\"widget\" data-widget_type=\"text-editor.default\">\n\t\t\t\t<div class=\"elementor-widget-container\">\n\t\t\t\t\t\t\t\t\t<p>Choisissez la couleur de l&rsquo;arri\u00e8re-plan des crins.<\/p>\t\t\t\t\t\t\t\t<\/div>\n\t\t\t\t<\/div>\n\t\t\t\t<\/div>\n\t\t<div class=\"elementor-element elementor-element-a02303b e-con-full e-flex e-con e-child\" data-id=\"a02303b\" data-element_type=\"container\">\n\t\t\t\t<div class=\"elementor-element elementor-element-798b071 elementor-widget__width-auto elementor-view-default elementor-widget elementor-widget-icon\" data-id=\"798b071\" data-element_type=\"widget\" data-widget_type=\"icon.default\">\n\t\t\t\t<div class=\"elementor-widget-container\">\n\t\t\t\t\t\t\t<div class=\"elementor-icon-wrapper\">\n\t\t\t<div class=\"elementor-icon\">\n\t\t\t<svg aria-hidden=\"true\" class=\"e-font-icon-svg e-fas-angle-right\" viewBox=\"0 0 256 512\" xmlns=\"http:\/\/www.w3.org\/2000\/svg\"><path d=\"M224.3 273l-136 136c-9.4 9.4-24.6 9.4-33.9 0l-22.6-22.6c-9.4-9.4-9.4-24.6 0-33.9l96.4-96.4-96.4-96.4c-9.4-9.4-9.4-24.6 0-33.9L54.3 103c9.4-9.4 24.6-9.4 33.9 0l136 136c9.5 9.4 9.5 24.6.1 34z\"><\/path><\/svg>\t\t\t<\/div>\n\t\t<\/div>\n\t\t\t\t\t\t<\/div>\n\t\t\t\t<\/div>\n\t\t\t\t<div class=\"elementor-element elementor-element-0b3e4c5 elementor-widget__width-auto elementor-widget elementor-widget-text-editor\" data-id=\"0b3e4c5\" data-element_type=\"widget\" data-widget_type=\"text-editor.default\">\n\t\t\t\t<div class=\"elementor-widget-container\">\n\t\t\t\t\t\t\t\t\t<p>Possibilit\u00e9 d&rsquo;ajouter des pierres de votre choix (voir fioles), des feuilles d&rsquo;or, d&rsquo;argent, etc&#8230;<\/p>\t\t\t\t\t\t\t\t<\/div>\n\t\t\t\t<\/div>\n\t\t\t\t<\/div>\n\t\t<div class=\"elementor-element elementor-element-15d986e e-con-full e-flex e-con e-child\" data-id=\"15d986e\" data-element_type=\"container\">\n\t\t\t\t<div class=\"elementor-element elementor-element-df2fe36 elementor-widget__width-auto elementor-view-default elementor-widget elementor-widget-icon\" data-id=\"df2fe36\" data-element_type=\"widget\" data-widget_type=\"icon.default\">\n\t\t\t\t<div class=\"elementor-widget-container\">\n\t\t\t\t\t\t\t<div class=\"elementor-icon-wrapper\">\n\t\t\t<div class=\"elementor-icon\">\n\t\t\t<svg aria-hidden=\"true\" class=\"e-font-icon-svg e-fas-angle-right\" viewBox=\"0 0 256 512\" xmlns=\"http:\/\/www.w3.org\/2000\/svg\"><path d=\"M224.3 273l-136 136c-9.4 9.4-24.6 9.4-33.9 0l-22.6-22.6c-9.4-9.4-9.4-24.6 0-33.9l96.4-96.4-96.4-96.4c-9.4-9.4-9.4-24.6 0-33.9L54.3 103c9.4-9.4 24.6-9.4 33.9 0l136 136c9.5 9.4 9.5 24.6.1 34z\"><\/path><\/svg>\t\t\t<\/div>\n\t\t<\/div>\n\t\t\t\t\t\t<\/div>\n\t\t\t\t<\/div>\n\t\t\t\t<div class=\"elementor-element elementor-element-5ae4718 elementor-widget__width-auto elementor-widget elementor-widget-text-editor\" data-id=\"5ae4718\" data-element_type=\"widget\" data-widget_type=\"text-editor.default\">\n\t\t\t\t<div class=\"elementor-widget-container\">\n\t\t\t\t\t\t\t\t\t<p>Des exemples de r\u00e9alisations.<\/p>\t\t\t\t\t\t\t\t<\/div>\n\t\t\t\t<\/div>\n\t\t\t\t<\/div>\n\t\t<div class=\"elementor-element elementor-element-6204aa5 e-con-full e-flex e-con e-child\" data-id=\"6204aa5\" data-element_type=\"container\">\n\t\t\t\t<div class=\"elementor-element elementor-element-19c60e3 elementor-widget elementor-widget-deensimc-smooth-text\" data-id=\"19c60e3\" data-element_type=\"widget\" data-widget_type=\"deensimc-smooth-text.default\">\n\t\t\t\t<div class=\"elementor-widget-container\">\n\t\t\t\t\t\t\t<div class=\"deensimc-marquee-main-container deensimc-text-marquee\n\t\tdeensimc-marquee-edge-shadow\"\n\t\t\tdata-marquee-speed=\"10\"\n\t\t\tdata-track-fill=\"yes\"\n\t\t\tdata-track-item-selector=\".deensimc-text-wrapper\"\n\t\t\tdata-track-target-horizontal=\"2560\"\t\t\t>\n\t\t\t<div class=\"deensimc-marquee-track-wrapper\">\n\t\t\t\t<div class=\"deensimc-marquee-track\">\n\t\t\t\t\t\t\t\t<div class=\"deensimc-text-wrapper\" aria-hidden=\"false\">\n\t\t\t\t\t\t\t\t\t\t\t\t\t<p class=\"deensimc-scroll-text\">\n\t\t\t\t\t\t<a\n\t\t\t\t\t\t\tclass=\"deensimc-scroll-text\"\n\t\t\t\t\t\t\thref=\"https:\/\/lelienmagique.fr\/index.php\/mes-offres-speciales\/\">\n\t\t\t\t\t\t\tLes offres sp\u00e9ciales, c&#039;est par ici !\t\t\t\t\t\t<\/a>\n\t\t\t\t\t<\/p>\n\t\t\t\t\t\t\t<\/div>\n\t\t\t\t\t\t<\/div>\n\t\t\t\t<div aria-hidden=\"true\" class=\"deensimc-marquee-track\">\n\t\t\t\t\t\t\t\t<div class=\"deensimc-text-wrapper\" aria-hidden=\"false\">\n\t\t\t\t\t\t\t\t\t\t\t\t\t<p class=\"deensimc-scroll-text\">\n\t\t\t\t\t\t<a\n\t\t\t\t\t\t\tclass=\"deensimc-scroll-text\"\n\t\t\t\t\t\t\thref=\"https:\/\/lelienmagique.fr\/index.php\/mes-offres-speciales\/\">\n\t\t\t\t\t\t\tLes offres sp\u00e9ciales, c&#039;est par ici !\t\t\t\t\t\t<\/a>\n\t\t\t\t\t<\/p>\n\t\t\t\t\t\t\t<\/div>\n\t\t\t\t\t\t<\/div>\n\t\t\t<\/div>\n\t\t<\/div>\n\t\t\t\t<\/div>\n\t\t\t\t<\/div>\n\t\t\t\t<noscript>\n\t\t\t<div class=\"deensimc-noscript-notice\" role=\"note\">\n\t\t\t\tThis section requires JavaScript to load properly. Please enable JavaScript in your browser and reload the page.\t\t\t<\/div>\n\t\t<\/noscript>\n\t\t<\/div>\n\t\t\t\t\t<\/div>\n\t\t\t\t<\/div>\n\t\t\t\t<\/div>\n\t\t","protected":false},"excerpt":{"rendered":"<p>M\u00e9daillon (\u00e0 partir de 50 \u20ac) https:\/\/lelienmagique.fr\/wp-content\/uploads\/2026\/01\/Medaillon.mp4 Choisissez la couleur. Dor\u00e9 \/ Argent\u00e9 Choisissez votre photo et pr\u00e9levez quelques crins ou poils. Choisissez la pr\u00e9sentation des crins (enti\u00e8rement personnalisable). Choisissez la couleur de l&rsquo;arri\u00e8re-plan des crins. Possibilit\u00e9 d&rsquo;ajouter des pierres de votre choix (voir fioles), des feuilles d&rsquo;or, d&rsquo;argent, etc&#8230; Des exemples de r\u00e9alisations. Les&#8230;<\/p>\n","protected":false},"author":1,"featured_media":0,"parent":0,"menu_order":0,"comment_status":"closed","ping_status":"closed","template":"","meta":{"_monsterinsights_skip_tracking":false,"_monsterinsights_sitenote_active":false,"_monsterinsights_sitenote_note":"","_monsterinsights_sitenote_category":0,"_kad_post_transparent":"","_kad_post_title":"hide","_kad_post_layout":"fullwidth","_kad_post_sidebar_id":"","_kad_post_content_style":"unboxed","_kad_post_vertical_padding":"hide","_kad_post_feature":"hide","_kad_post_feature_position":"","_kad_post_header":false,"_kad_post_footer":false,"footnotes":""},"class_list":["post-1793","page","type-page","status-publish","hentry"],"aioseo_notices":[],"_links":{"self":[{"href":"https:\/\/lelienmagique.fr\/index.php\/wp-json\/wp\/v2\/pages\/1793","targetHints":{"allow":["GET"]}}],"collection":[{"href":"https:\/\/lelienmagique.fr\/index.php\/wp-json\/wp\/v2\/pages"}],"about":[{"href":"https:\/\/lelienmagique.fr\/index.php\/wp-json\/wp\/v2\/types\/page"}],"author":[{"embeddable":true,"href":"https:\/\/lelienmagique.fr\/index.php\/wp-json\/wp\/v2\/users\/1"}],"replies":[{"embeddable":true,"href":"https:\/\/lelienmagique.fr\/index.php\/wp-json\/wp\/v2\/comments?post=1793"}],"version-history":[{"count":31,"href":"https:\/\/lelienmagique.fr\/index.php\/wp-json\/wp\/v2\/pages\/1793\/revisions"}],"predecessor-version":[{"id":1949,"href":"https:\/\/lelienmagique.fr\/index.php\/wp-json\/wp\/v2\/pages\/1793\/revisions\/1949"}],"wp:attachment":[{"href":"https:\/\/lelienmagique.fr\/index.php\/wp-json\/wp\/v2\/media?parent=1793"}],"curies":[{"name":"wp","href":"https:\/\/api.w.org\/{rel}","templated":true}]}}